4. Let g = h + 859. What is the hundreds digit of g?
3
What is the hundreds digit of (-16140)/(-12)*(-3)/((-9)/6)?
6
Suppose -5*t - 2279 - 2322 = -m, 0 = -5*m + 2*t + 22913. What is the units digit of m?
1
Let w(h) = -127*h**3 - 22*h**2 - 135*h - 44. What is the hundreds digit of w(-6)?
4
Let h = 16 - 17. Let v be ((-5)/(90/(-12)))/(h/63). Let n = v - -145. What is the units digit of n?
3
Let h be 13/((-13)/(-24))*(-1 - -2). Suppose 23*t + 68 = h*t. What is the tens digit of t?
6
Let g be 4/(-8) - (-9)/2. Let x(h) = 45*h - 10. Let s be x(g). Let k = s - -17. What is the hundreds digit of k?
1
Suppose 0 = 2*f + 8, -3*f + 680 = 5*z - 5533. Suppose -9*g = -465 - z. What is the hundreds digit of g?
1
Suppose 0 = -4*u - 0*u + 28. Suppose -299 = -u*b + 184. Let k = 166 - b. What is the units digit of k?
7
Let h be (46/2 + -2)*-1. Let c be 4/6*(-3 - 3 - -9). What is the units digit of (c - (-48)/h)*-7?
2
Let p(d) = 19. Let a(m) = m - 65. Let r(c) = -6*a(c) - 21*p(c). Suppose -2*x - 10 = -4*b, 2*x - 6*b + b + 5 = 0. What is the units digit of r(x)?
1
Let z(f) = -f + 1. Let o be z(-5). What is the hundreds digit of -1*(3 - 1104/o)?
1
Let m(h) = -10*h**2 + h + 16. Suppose 19 - 15 = f. Let k be m(f). Let s = 3 - k. What is the tens digit of s?
4
Suppose -5*i - v + 12 = -8, -3*v = -2*i + 8. Suppose i*k + 3*o - 5132 = -695, 5*o = 3*k - 3306. What is the tens digit of k?
0
Let v be 4/(-5)*(51/(-2) + -2). Let b = 24 - v. Suppose -25 = -r + 5*c, 4*c = -b*r - 2*r + 196. What is the units digit of r?
5
Suppose 3*n - 1566 = 3805 + 674. What is the hundreds digit of n?
0
Let r be (-8)/((-24)/5393) - 6/9. Let o = r - 1188. What is the units digit of o?
9
Let h be 1*(4 - (-5 + 1669)). Let f = h + 3405. What is the units digit of f?
5
Suppose -92*k = 119*k - 42*k - 5769322. What is the units digit of k?
8
Let i(u) = 2897*u**2 + 15*u + 127. What is the hundreds digit of i(-5)?
4
Suppose -5*f - 15 = 0, 5*u = -f + 2*f - 32702. Let s = -4624 - u. What is the units digit of s?
7
Suppose -4*i - 36 = -5*i. Suppose 20 = 5*y, 6*s - 5*y = 2*s - i. What is the units digit of (-1)/(-3) - ((-80)/3 - s)?
3
Let b be (-1)/(-3) - (-1 - 3558/18). Suppose -196*z + 194*z = -10. Suppose -10 = -z*g + 5, 3*g = i - b. What is the tens digit of i?
0
Suppose 5*m - 1827 - 868 = 0. Suppose 0 = -4*s + 289 + m. What is the hundreds digit of s?
2
Let o(u) = -10 - 7*u + 2*u + 29 + 7*u. Let i be o(-6). Let l(g) = -g + 27. What is the tens digit of l(i)?
2
Suppose 7*h + 307 + 274 = 0. Let i = h + 82. What is the hundreds digit of ((5 - 5) + i)*-109?
1
Suppose 0 = -4*r + 8*r - 960. Suppose q = 7*q - r. Suppose -x + 50 = 5*o - q, 2*x = -2*o + 28. What is the units digit of o?
9
Let m = -26 + 24. Let b be (-409)/(-6) + m/12. What is the tens digit of b - 3 - -4 - 3?
6
Let i(f) = -7*f + 115. Let w be i(16). What is the hundreds digit of (3 + w/(-3))/((-2)/(-227))?
2
Suppose 3*a = -66*z + 68*z - 137292, 3*z - 205953 = -3*a. What is the tens digit of z?
4
Suppose 1051 = -4*r - s, -2*r - 6*s - 521 = -7*s. Let z = r + 512. What is the hundreds digit of z?
2
Let y(z) = -25*z + 57. Let u be y(7). Let t = 620 + u. What is the tens digit of t?
0
Let t = 4659 + 781. What is the thousands digit of t?
5
Let l = -948 - -947. What is the hundreds digit of (-365)/1*(l + 6/(-30))?
4
Suppose 0 = -6*y + 2*y + 604. Suppose 31*a - 991 + 4277 = 0. Let l = y + a. What is the units digit of l?
5
Suppose 0 = 24*m - 26*m + 4. Let l(w) = 40*w**3 - w**2 + 2*w + 4. What is the hundreds digit of l(m)?
3
Suppose -5 = 5*d, -3*d - 2*d = h - 496. Let s = h + -245. What is the hundreds digit of s?
2
Suppose -71*g + 75*g - 91728 = 0. Suppose 0 = -57*l + 83*l - g. What is the hundreds digit of l?
8
Let r = -790 - -1188. Let u = r + -158. What is the units digit of u?
0
Suppose -5*l - 3*r = -28 + 1, -5*r = 5*l - 25. Suppose -l*z + 8*z = -16. What is the tens digit of 2/(-1*z/332)?
8
Let s(c) = 67*c + 15. Let x be s(10). Let a = 1265 - x. Suppose 8*z - a = 452. What is the units digit of z?
9
Let q = 6418 - 4178. What is the tens digit of q?
4
Let d be 2/(-4)*(-2176)/8. Suppose i - 127 = -4*a, 3*i - 5*a - 313 - d = 0. What is the units digit of i?
3
Let s(f) be the first derivative of -f**4/2 - 14*f**3/3 - 14*f**2 - 23*f - 158. What is the hundreds digit of s(-8)?
3
Suppose 5*u = -3*s + 30684, -4*s - 22*u = -20*u - 40898. What is the ten thousands digit of s?
1
What is the tens digit of (429/(-11) - -30)*4646/(-9)?
4
Let l be ((-280)/12)/(3/(3 - 129)). Let p = l - -110. What is the tens digit of p?
9
Let q be (-1)/(-6) + 232/48. Suppose -128790 = q*v - 5*g, 2*v + 51514 = -3*g + 6*g. What is the units digit of (v/72 + (-6)/27)/(-2)?
9
Suppose 5*v + 17 = 4*d - 36, -v = -3*d + 4. Let x(g) = -g - 11. Let q be x(v). What is the units digit of 438/(-9)*-3*1/q?
3
Suppose -3*x + 7*x - 3*u - 484 = 0, x - 3*u = 130. Suppose 3*z - 500 = 2*z. Suppose -x = -3*s + z. What is the tens digit of s?
0
Let l(m) = 8*m**2 + m - 8. Let g be 7/(14/(-15))*(-18)/15. Let d be l(g). Suppose -d = -10*x + 431. What is the units digit of x?
8
Let z(b) = -2*b**3 - 11*b**2 - 8*b - 914. Let s(l) = -l**3 - 5*l**2 - 4*l - 457. Let a(i) = -5*s(i) + 2*z(i). What is the units digit of a(0)?
7
Suppose 5*u = -o - 48, -117*o + 122*o = 2*u - 159. Suppose -2*f - 4*b - 3442 = -f, 0 = 5*f + 5*b + 17285. What is the tens digit of f/o - 1/(-11)?
0
Let s = 2 + -6. What is the hundreds digit of s - (920/4)/((-6)/30)?
1
Let r(i) = 7*i - 19. Let q be r(3). What is the hundreds digit of (-7)/(-28)*q*1446?
7
Suppose -96 = -10*l - 46. Suppose -g = 1, l*g = 4*a + 1009 - 5714. What is the hundreds digit of a?
1
Let q(r) = 3*r**2 - 10*r + 5830. What is the units digit of q(102)?
2
Suppose -4*u + 36 = 4*b, -6*b + 3*u = -8*b + 18. Suppose 0 = 6*r - b*r + 2*g + 1102, r - 359 = -g. What is the tens digit of r?
6
Let k be (4 - (-4 - -6)) + 1. Suppose 2*o - k*o = 1, o + 1 = -4*d. Suppose d = 11*m - 9*m - 264. What is the units digit of m?
2
Suppose 19*q - 169 = 1104. Suppose 0 = q*k - 55*k - 14724. What is the thousands digit of k?
1
Let r be 54/6 - 4 - 1148. Let m = 66 - r. What is the tens digit of m?
0
Let d(m) = m**2 - 9*m + 43. Let a(v) = 6*v**2 - 45*v + 216. Let f(i) = -2*a(i) + 11*d(i). Let u be f(-18). Let x = 21 - u. What is the units digit of x?
2
Let l = -1008 + -453. Let b = -639 - l. What is the tens digit of b?
2
What is the hundreds digit of (-12 - 35/(-5))/(1/(-125))?
6
Suppose 2*g = o - 4454, 2*o + 3*o = g + 2236. Let j = -1214 - g. What is the thousands digit of j?
1
Suppose 5*f = -2*t + 9, 5*f + 3*t - 6 = -0*f. Suppose x = -5*y + 169, -f*x - 2*x - 2*y + 753 = 0. What is the units digit of x?
9
Let i be -4 + (1/(-3) - 264/(-36)). Suppose -l + 3*h + 2*h = -71, l = -i*h + 63. What is the tens digit of l?
6
Suppose 3*f + 2*s + 14 = 0, 3*f = f + 2*s - 16. Let r(u) = 6*u + 0*u**3 + 2*u**2 + 11 - 3*u**2 - u**3. What is the hundreds digit of r(f)?
1
Let g = -29 + 7. Let s = -20 - g. What is the tens digit of (s + -2)/3 + 81?
8
Let u(c) = c**3 - 10*c + 8. Suppose 18 = -8*l + 14*l. Let t be u(l). Suppose 0 = 5*r - q - 0*q - 1112, -t*q = -2*r + 454. What is the units digit of r?
2
Suppose -5*l = -134 + 19. Let d be 12/(-4)*1 + l. What is the tens digit of (24/d)/((-1)/(-40))?
4
Let y = 9487 - 147. What is the thousands digit of y?
9
Let p(d) = d + 6*d - 34*d + 2. Suppose 3*r = -4*k - 10, -r + k - 3*k = 4. What is the units digit of p(r)?
6
Let l(w) be the first derivative of -25*w**2/2 - 84*w + 13. What is the units digit of l(-18)?
6
Let k(b) = 2*b**2 + 6*b + 25. Let w be k(-3). Suppose -17*d = -w*d + 3968. What is the units digit of d?
6
Let s(l) = -l**3 + 11*l**2 - 18*l + 4. Let o be s(9). Let u be -4 - ((-2628)/o + -1). What is the units digit of (-12)/30 + u/10?
5
Suppose 0 = -2*q - 3*b + 82261, -82268 = -2*q + 71*b - 75*b. What is the units digit of q?
0
Suppose -x - 30 + 197 = k, -5*x + 817 = -4*k. Suppose 0 = -162*m + x*m - 1932. What is the hundreds digit of m?
6
Let c(h) = h. Let x(i) = 45*i**2 + 12*i. Let l(j) = -15*c(j) + x(j). Let n be l(1). Let a = n - 25. What is the tens digit of a?
1
Suppose 28*w - 9*w + 14*w - 385770 = 0. What is the hundreds digit of w?
6
Let r(z) = 134*z**2 - 9*z - 121. What is the units digit of r(7)?
2
Let x = 27746 - 16641. What is the ten thousands